e
Is 202662478409 prime?
True
Is 1604128478 a prime number?
False
Is 2752874171 composite?
True
Is 598372471 a prime number?
True
Is 103382683579 a prime number?
False
Is 2896792769 composite?
True
Is 5251690799 a prime number?
False
Is 305673331 a composite number?
False
Is 33076568153 a prime number?
False
Is 6626247541 a composite number?
False
Is 94710908849 a composite number?
True
Is 84441779 composite?
False
Is 54140236537 prime?
True
Is 10698459113 a composite number?
False
Is 104098726369 composite?
True
Is 32633905513 prime?
False
Is 1321465399 prime?
True
Is 45331969 a prime number?
True
Is 7794288731 a composite number?
True
Is 1729716277 composite?
False
Is 1773456551 prime?
True
Is 1094035081 composite?
True
Is 975792023 prime?
False
Is 8751336457 a prime number?
True
Is 1213237301 a prime number?
False
Is 3134989199 a composite number?
True
Is 41696461753 composite?
False
Is 56604124513 prime?
True
Is 28058588203 composite?
False
Is 88035021547 composite?
True
Is 1743643211 a composite number?
False
Is 4862078041 prime?
True
Is 29156009209 a prime number?
True
Is 205675319 a prime number?
True
Is 440189264003 composite?
True
Is 729137958919 composite?
False
Is 11472096761 prime?
False
Is 2320406897 a composite number?
False
Is 1709939573 a prime number?
True
Is 11303502593 a prime number?
False
Is 11304755801 a prime number?
False
Is 37761087053 a prime number?
False
Is 134746410587 a composite number?
False
Is 25672177669 a composite number?
True
Is 1329941953 a prime number?
True
Is 8506573939 a composite number?
True
Is 653273653 composite?
False
Is 125562320993 composite?
False
Is 40371113 a composite number?
False
Is 6672589541 composite?
True
Is 55438793779 a prime number?
False
Is 12553791889 a composite number?
False
Is 2683803539 composite?
False
Is 26458447 a composite number?
True
Is 887717377 composite?
False
Is 3535840299 prime?
False
Is 3619159931 prime?
True
Is 14305773107 a prime number?
False
Is 6717780541 prime?
True
Is 419482891 a composite number?
True
Is 2302012021 a prime number?
False
Is 436852121 a prime number?
True
Is 120475100419 prime?
True
Is 45404432783 composite?
True
Is 50147193277 prime?
False
Is 4247743946 composite?
True
Is 4742189429 prime?
True
Is 23460274249 prime?
False
Is 58412036461 a prime number?
True
Is 3663851279 a composite number?
True
Is 440506943 a prime number?
True
Is 502117543 composite?
False
Is 7534193957 a composite number?
False
Is 22324056002 a composite number?
True
Is 310587677 a prime number?
True
Is 9659592559 a composite number?
True
Is 357012138229 a prime number?
False
Is 168123783469 composite?
True
Is 1794492773 a composite number?
False
Is 36626647807 composite?
False
Is 73020151979 composite?
True
Is 8633404553 composite?
True
Is 522374959 composite?
False
Is 4295200183 prime?
True
Is 4852490501 prime?
False
Is 3332814799 a composite number?
True
Is 540716555 composite?
True
Is 49978465871 composite?
True
Is 69406167161 prime?
False
Is 1290485533 a prime number?
False
Is 7774126543 a prime number?
True
Is 18441490471 prime?
True
Is 181568069 a composite number?
False
Is 29731143859 prime?
False
Is 19914700571 composite?
False
Is 3268520267 a prime number?
True
Is 2664186373 a composite number?
True
Is 2572150759 a prime number?
True
Is 4402859899 prime?
True
Is 2907522797 a prime number?
False
Is 8432163017 a prime number?
False
Is 1901443093 a prime number?
False
Is 860929339 a composite number?
True
Is 374257379 a composite number?
False
Is 92423921 composite?
True
Is 2806898623 composite?
False
Is 5505283911 composite?
True
Is 6614368627 a prime number?
True
Is 11458093781 composite?
False
Is 101849666 composite?
True
Is 1956460859 prime?
True
Is 5067710159 a composite number?
False
Is 17241972401 a composite number?
True
Is 265355581 a composite number?
False
Is 7583828873 a composite number?
True
Is 16383434029 a composite number?
True
Is 6986235521 a composite number?
False
Is 17516887 a prime number?
False
Is 1189771763 a prime number?
False
Is 2221485767 prime?
False
Is 148669227347 a composite number?
False
Is 114771125011 composite?
False
Is 12188343169 prime?
False
Is 27871630777 prime?
True
Is 654231001 prime?
False
Is 15763849747 a composite number?
False
Is 16573148693 prime?
True
Is 169209185753 composite?
False
Is 228956932735 a prime number?
False
Is 1948865153 a composite number?
True
Is 69028707619 composite?
True
Is 776693023 a prime number?
False
Is 5938906289 a prime number?
False
Is 65084621557 a composite number?
True
Is 58145006369 composite?
False
Is 36658729 a prime number?
False
Is 472952639 a prime number?
False
Is 1781812519 a prime number?
False
Is 54697623427 prime?
True
Is 41902169 a composite number?
False
Is 22448243 a composite number?
False
Is 14674106177 composite?
True
Is 182248934479 a composite number?
True
Is 11452121 prime?
True
Is 24172721 prime?
False
Is 2768868569 prime?
True
Is 3196238671 prime?
True
Is 617926879 a composite number?
True
Is 6578935267 composite?
True
Is 17718932921 a composite number?
True
Is 21435137783 composite?
False
Is 38983265603 prime?
True
Is 62260378129 composite?
False
Is 237157790917 prime?
False
Is 840079223 composite?
True
Is 60795086281 a composite number?
True
Is 19113457963 a prime number?
False
Is 1453356589 prime?
False
Is 22926869051 a composite number?
True
Is 37806997291 a prime number?
False
Is 10150535387 a prime number?
True
Is 14525662169 a composite number?
False
Is 37730141 prime?
True
Is 683515865 a prime number?
False
Is 1971081709 composite?
False
Is 271359317771 a prime number?
True
Is 15869841527 composite?
True
Is 147497629 a composite number?
False
Is 40772510539 a prime number?
True
Is 42919485481 composite?
False
Is 22658996453 a composite number?
True
Is 768777118 prime?
False
Is 17723957957 a composite number?
False
Is 3912448129 composite?
False
Is 10466407049 prime?
False
Is 1611524023 composite?
False
Is 2540174479 composite?
True
Is 19154974243 a prime number?
True
Is 32744343811 a composite number?
True
Is 132514292399 a composite number?
False
Is 949192745 a composite number?
True
Is 2058352201 a composite number?
False
Is 9398096537 a composite number?
False
Is 370764209 prime?
False
Is 2607710419 a composite number?
True
Is 5308917059 a composite number?
True
Is 35477381 a prime number?
True
Is 998075167 a prime number?
True
Is 130548887851 a composite number?
False
Is 4613782715 prime?
False
Is 68281963631 a composite number?
True
Is 195319114697 composite?
True
Is 29866232863 composite?
True
Is 5626179581 a composite number?
True
Is 2966975489 prime?
True
Is 1066743901 a composite number?
False
Is 5577478369 prime?
False
Is 71371637 a composite number?
False
Is 2619168199 a prime number?
True
Is 136947472261 a composite number?
False
Is 9728350889 a composite number?
True
Is 1735165079 a composite number?
False
Is 3653403311 prime?
True
Is 3720257459 a prime number?
False
Is 370995557 a prime number?
True
Is 5378447351 prime?
False
Is 644162579 composite?
False
Is 26035384423 a composite number?
False
Is 2355079197 a composite number?
True
Is 818777546 composite?
True
Is 1180581859 composite?
True
Is 60500285 a composite number?
True
Is 5058793169 composite?
False
Is 6880168793 a composite number?
True
Is 1980573499 a composite number?
True
Is 1955916309 composite?
True
Is 199695989 prime?
True
Is 40610862991 a prime number?
True
Is 132808330723 a prime number?
True
Is 12899382159 a prime number?
False
Is 301055977 prime?
True
Is 985723447 prime?
True
Is 4447391993 a prime number?
False
Is 9294121181 a prime number?
False
Is 4273175789 composite?
False
Is 3133013603 a composite number?
False
Is 71674691927 prime?
True
Is 733845509 composite?
False
Is 867507847 composite?
False
Is 532503403 prime?
False
Is 22198181767 prime?
False
Is 64418351 prime?
True
Is 15828941983 composite?
False
Is 1764359963 prime?
False
Is 3107054903 composite?
False
Is 13249818797 prime?
True
Is 167505601 prime?
False
Is 28086167 composite?
True
Is 2600779001 prime?
False
Is 1516394923 a composite number?
False
Is 4375576991 prime?
True
Is 145785877 prime?
True
Is 3451924013 prime?
True
Is 1098816353 prime?
False
Is 24662095747 prime?
False
Is 924276707 a composite number